{"id":36,"date":"2024-12-06T10:27:26","date_gmt":"2024-12-06T09:27:26","guid":{"rendered":"https:\/\/alacepptitbleuptitjaune.org\/?page_id=36"},"modified":"2024-12-07T16:32:01","modified_gmt":"2024-12-07T15:32:01","slug":"qui-sommes-nous","status":"publish","type":"page","link":"https:\/\/alacepptitbleuptitjaune.org\/?page_id=36","title":{"rendered":"Qui sommes nous ?"},"content":{"rendered":"\n<div class=\"wp-block-uagb-container uagb-block-be3c34f7 alignfull uagb-is-root-container\">\n<div class=\"wp-block-uagb-container uagb-block-ff5333ea\">\n<div class=\"wp-block-uagb-container uagb-block-9f9fe249\">\n<div class=\"wp-block-uagb-image uagb-block-1d1b77bf wp-block-uagb-image--layout-default wp-block-uagb-image--effect-static wp-block-uagb-image--align-none\"><figure class=\"wp-block-uagb-image__figure\"><img decoding=\"async\" srcset=\"https:\/\/alacepptitbleuptitjaune.org\/wp-content\/uploads\/2024\/12\/Screenshot-from-2024-12-07-15-05-01.png ,https:\/\/alacepptitbleuptitjaune.org\/wp-content\/uploads\/2024\/12\/Screenshot-from-2024-12-07-15-05-01.png 780w, https:\/\/alacepptitbleuptitjaune.org\/wp-content\/uploads\/2024\/12\/Screenshot-from-2024-12-07-15-05-01.png 360w\" sizes=\"auto, (max-width: 480px) 150px\" src=\"https:\/\/alacepptitbleuptitjaune.org\/wp-content\/uploads\/2024\/12\/Screenshot-from-2024-12-07-15-05-01.png\" alt=\"\" class=\"uag-image-181\" width=\"768\" height=\"667\" title=\"Screenshot from 2024-12-07 15-05-01\" loading=\"lazy\" role=\"img\"\/><\/figure><\/div>\n<\/div>\n\n\n\n<div class=\"wp-block-uagb-container uagb-block-efeb9fc0\">\n<p class=\"has-text-align-center\">ALACEP ( Association pour un Lieu d&rsquo;Accueil \u00e0 Chen\u00f4ve Enfants -Parents) g\u00e8re depuis octobre 1998 , un lieu d&rsquo;accueil Enfants -Parents<\/p>\n\n\n\n<div class=\"wp-block-group is-layout-constrained wp-block-group-is-layout-constrained\">\n<div class=\"wp-block-group is-nowrap is-layout-flex wp-container-core-group-is-layout-6c531013 wp-block-group-is-layout-flex\">\n<p class=\"has-text-align-center has-ast-global-color-0-color has-text-color has-link-color wp-elements-5ee826fe0aa12099055785d7d3faf266\">P&rsquo;tit Bleu<\/p>\n\n\n\n<p class=\"has-text-align-center has-ast-global-color-1-color has-text-color has-link-color wp-elements-81590be5b9b174404c81d6d8d92505ff\">P&rsquo;tit Jaune<\/p>\n<\/div>\n<\/div>\n\n\n\n<p class=\"has-text-align-center\">Appellation emprunt\u00e9e \u00e0 l\u2019ouvrage de L\u00e9o Lionni,&nbsp; \u00ab Petit Bleu et Petit Jaune \u00bb, une histoire sur la d\u00e9couverte de l\u2019autre, la diff\u00e9rence, la tol\u00e9rance, l\u2019amiti\u00e9\u2026.<\/p>\n<\/div>\n<\/div>\n<\/div>\n\n\n\n<div class=\"wp-block-uagb-separator uagb-block-997f7381\"><div class=\"wp-block-uagb-separator__inner\" style=\"--my-background-image:\"><\/div><\/div>\n\n\n\n<div class=\"wp-block-uagb-container uagb-block-1125b20c alignwide uagb-is-root-container\">\n<div class=\"wp-block-uagb-container uagb-block-dc4c23e7\">\n<div class=\"wp-block-uagb-image uagb-block-1bb80acc wp-block-uagb-image--layout-default wp-block-uagb-image--effect-static wp-block-uagb-image--align-none\"><figure class=\"wp-block-uagb-image__figure\"><img decoding=\"async\" srcset=\"https:\/\/alacepptitbleuptitjaune.org\/wp-content\/uploads\/2024\/12\/Screenshot-from-2024-12-07-15-07-01-1024x757.png ,https:\/\/alacepptitbleuptitjaune.org\/wp-content\/uploads\/2024\/12\/Screenshot-from-2024-12-07-15-07-01.png 780w, https:\/\/alacepptitbleuptitjaune.org\/wp-content\/uploads\/2024\/12\/Screenshot-from-2024-12-07-15-07-01.png 360w\" sizes=\"auto, (max-width: 480px) 150px\" src=\"https:\/\/alacepptitbleuptitjaune.org\/wp-content\/uploads\/2024\/12\/Screenshot-from-2024-12-07-15-07-01-1024x757.png\" alt=\"Vue depuis l'entr\u00e9e de P'tit Bleu P'tit Jaune\" class=\"uag-image-188\" width=\"1384\" height=\"1860\" title=\"Screenshot from 2024-12-07 15-07-01\" loading=\"lazy\" role=\"img\"\/><\/figure><\/div>\n<\/div>\n\n\n\n<div class=\"wp-block-uagb-container uagb-block-240a4040\">\n<div class=\"wp-block-uagb-image uagb-block-b089010d wp-block-uagb-image--layout-default wp-block-uagb-image--effect-static wp-block-uagb-image--align-none\"><figure class=\"wp-block-uagb-image__figure\"><img decoding=\"async\" srcset=\"https:\/\/alacepptitbleuptitjaune.org\/wp-content\/uploads\/2024\/12\/Screenshot-from-2024-12-07-15-07-33-1024x763.png ,https:\/\/alacepptitbleuptitjaune.org\/wp-content\/uploads\/2024\/12\/Screenshot-from-2024-12-07-15-07-33.png 780w, https:\/\/alacepptitbleuptitjaune.org\/wp-content\/uploads\/2024\/12\/Screenshot-from-2024-12-07-15-07-33.png 360w\" sizes=\"auto, (max-width: 480px) 150px\" src=\"https:\/\/alacepptitbleuptitjaune.org\/wp-content\/uploads\/2024\/12\/Screenshot-from-2024-12-07-15-07-33-1024x763.png\" alt=\"Les supers toboggans\" class=\"uag-image-187\" width=\"1910\" height=\"1375\" title=\"Screenshot from 2024-12-07 15-07-33\" loading=\"lazy\" role=\"img\"\/><\/figure><\/div>\n<\/div>\n<\/div>\n\n\n\n<div class=\"wp-block-uagb-separator uagb-block-b5767919\"><div class=\"wp-block-uagb-separator__inner\" style=\"--my-background-image:\"><\/div><\/div>\n\n\n\n<div class=\"wp-block-uagb-container uagb-block-8b0a7bc8 alignwide uagb-is-root-container\">\n<div class=\"wp-block-group is-layout-constrained wp-block-group-is-layout-constrained\">\n<p>P\u2019tit Bleu-P\u2019tit Jaune est un lieu qui vit dans l\u2019esprit de la Maison Verte de Fran\u00e7oise Dolto.<\/p>\n\n\n\n<ul class=\"wp-block-list\">\n<li>Pour les enfants, ce lieu soutient les premiers actes de socialisation et le passage de la cellule familiale au monde ext\u00e9rieur. Il favorise le plaisir d\u2019\u00eatre ensemble dans les jeux et les \u00e9changes.<\/li>\n\n\n\n<li>Pour les parents, il donne l\u2019occasion de tisser des liens, de vivre des moments de communication privil\u00e9gi\u00e9s avec leur(s) enfant(s) et de reconna\u00eetre l\u2019importance de leur place aupr\u00e8s d\u2019eux. Leur pr\u00e9sence tout au long de l\u2019accueil favorise un climat de s\u00e9curit\u00e9 affective.<\/li>\n<\/ul>\n<\/div>\n<\/div>\n","protected":false},"excerpt":{"rendered":"<p>ALACEP ( Association pour un Lieu d&rsquo;Accueil \u00e0 Chen\u00f4ve Enfants -Parents) g\u00e8re depuis octobre 1998 , un lieu d&rsquo;accueil Enfants [&hellip;]<\/p>\n","protected":false},"author":2,"featured_media":0,"parent":0,"menu_order":0,"comment_status":"closed","ping_status":"closed","template":"","meta":{"_uag_custom_page_level_css":"","site-sidebar-layout":"default","site-content-layout":"","ast-site-content-layout":"","site-content-style":"default","site-sidebar-style":"default","ast-global-header-display":"","ast-banner-title-visibility":"","ast-main-header-display":"","ast-hfb-above-header-display":"","ast-hfb-below-header-display":"","ast-hfb-mobile-header-display":"","site-post-title":"disabled","ast-breadcrumbs-content":"","ast-featured-img":"","footer-sml-layout":"","theme-transparent-header-meta":"","adv-header-id-meta":"","stick-header-meta":"","header-above-stick-meta":"","header-main-stick-meta":"","header-below-stick-meta":"","astra-migrate-meta-layouts":"default","ast-page-background-enabled":"default","ast-page-background-meta":{"desktop":{"background-color":"var(--ast-global-color-4)","background-image":"","background-repeat":"repeat","background-position":"center center","background-size":"auto","background-attachment":"scroll","background-type":"","background-media":"","overlay-type":"","overlay-color":"","overlay-opacity":"","overlay-gradient":""},"tablet":{"background-color":"","background-image":"","background-repeat":"repeat","background-position":"center center","background-size":"auto","background-attachment":"scroll","background-type":"","background-media":"","overlay-type":"","overlay-color":"","overlay-opacity":"","overlay-gradient":""},"mobile":{"background-color":"","background-image":"","background-repeat":"repeat","background-position":"center center","background-size":"auto","background-attachment":"scroll","background-type":"","background-media":"","overlay-type":"","overlay-color":"","overlay-opacity":"","overlay-gradient":""}},"ast-content-background-meta":{"desktop":{"background-color":"var(--ast-global-color-5)","background-image":"","background-repeat":"repeat","background-position":"center center","background-size":"auto","background-attachment":"scroll","background-type":"","background-media":"","overlay-type":"","overlay-color":"","overlay-opacity":"","overlay-gradient":""},"tablet":{"background-color":"var(--ast-global-color-5)","background-image":"","background-repeat":"repeat","background-position":"center center","background-size":"auto","background-attachment":"scroll","background-type":"","background-media":"","overlay-type":"","overlay-color":"","overlay-opacity":"","overlay-gradient":""},"mobile":{"background-color":"var(--ast-global-color-5)","background-image":"","background-repeat":"repeat","background-position":"center center","background-size":"auto","background-attachment":"scroll","background-type":"","background-media":"","overlay-type":"","overlay-color":"","overlay-opacity":"","overlay-gradient":""}},"footnotes":""},"class_list":["post-36","page","type-page","status-publish","hentry"],"yoast_head":"<!-- This site is optimized with the Yoast SEO plugin v27.5 - https:\/\/yoast.com\/product\/yoast-seo-wordpress\/ -->\n<title>Qui sommes nous ? - P&#039;tit Bleu P&#039;tit Jaune<\/title>\n<meta name=\"robots\" content=\"index, follow, max-snippet:-1, max-image-preview:large, max-video-preview:-1\" \/>\n<link rel=\"canonical\" href=\"https:\/\/alacepptitbleuptitjaune.org\/?page_id=36\" \/>\n<meta property=\"og:locale\" content=\"fr_FR\" \/>\n<meta property=\"og:type\" content=\"article\" \/>\n<meta property=\"og:title\" content=\"Qui sommes nous ? - P&#039;tit Bleu P&#039;tit Jaune\" \/>\n<meta property=\"og:description\" content=\"ALACEP ( Association pour un Lieu d&rsquo;Accueil \u00e0 Chen\u00f4ve Enfants -Parents) g\u00e8re depuis octobre 1998 , un lieu d&rsquo;accueil Enfants [&hellip;]\" \/>\n<meta property=\"og:url\" content=\"https:\/\/alacepptitbleuptitjaune.org\/?page_id=36\" \/>\n<meta property=\"og:site_name\" content=\"P&#039;tit Bleu P&#039;tit Jaune\" \/>\n<meta property=\"article:publisher\" content=\"https:\/\/www.facebook.com\/ptitbleuptitjaune\" \/>\n<meta property=\"article:modified_time\" content=\"2024-12-07T15:32:01+00:00\" \/>\n<meta property=\"og:image\" content=\"https:\/\/alacepptitbleuptitjaune.org\/wp-content\/uploads\/2024\/12\/Screenshot-from-2024-12-07-15-05-01.png\" \/>\n<meta name=\"twitter:card\" content=\"summary_large_image\" \/>\n<meta name=\"twitter:label1\" content=\"Dur\u00e9e de lecture estim\u00e9e\" \/>\n\t<meta name=\"twitter:data1\" content=\"2 minutes\" \/>\n<script type=\"application\/ld+json\" class=\"yoast-schema-graph\">{\"@context\":\"https:\\\/\\\/schema.org\",\"@graph\":[{\"@type\":\"WebPage\",\"@id\":\"https:\\\/\\\/alacepptitbleuptitjaune.org\\\/?page_id=36\",\"url\":\"https:\\\/\\\/alacepptitbleuptitjaune.org\\\/?page_id=36\",\"name\":\"Qui sommes nous ? - P&#039;tit Bleu P&#039;tit Jaune\",\"isPartOf\":{\"@id\":\"https:\\\/\\\/alacepptitbleuptitjaune.org\\\/#website\"},\"primaryImageOfPage\":{\"@id\":\"https:\\\/\\\/alacepptitbleuptitjaune.org\\\/?page_id=36#primaryimage\"},\"image\":{\"@id\":\"https:\\\/\\\/alacepptitbleuptitjaune.org\\\/?page_id=36#primaryimage\"},\"thumbnailUrl\":\"https:\\\/\\\/alacepptitbleuptitjaune.org\\\/wp-content\\\/uploads\\\/2024\\\/12\\\/Screenshot-from-2024-12-07-15-05-01.png\",\"datePublished\":\"2024-12-06T09:27:26+00:00\",\"dateModified\":\"2024-12-07T15:32:01+00:00\",\"breadcrumb\":{\"@id\":\"https:\\\/\\\/alacepptitbleuptitjaune.org\\\/?page_id=36#breadcrumb\"},\"inLanguage\":\"fr-FR\",\"potentialAction\":[{\"@type\":\"ReadAction\",\"target\":[\"https:\\\/\\\/alacepptitbleuptitjaune.org\\\/?page_id=36\"]}]},{\"@type\":\"ImageObject\",\"inLanguage\":\"fr-FR\",\"@id\":\"https:\\\/\\\/alacepptitbleuptitjaune.org\\\/?page_id=36#primaryimage\",\"url\":\"https:\\\/\\\/alacepptitbleuptitjaune.org\\\/wp-content\\\/uploads\\\/2024\\\/12\\\/Screenshot-from-2024-12-07-15-05-01.png\",\"contentUrl\":\"https:\\\/\\\/alacepptitbleuptitjaune.org\\\/wp-content\\\/uploads\\\/2024\\\/12\\\/Screenshot-from-2024-12-07-15-05-01.png\",\"width\":768,\"height\":667},{\"@type\":\"BreadcrumbList\",\"@id\":\"https:\\\/\\\/alacepptitbleuptitjaune.org\\\/?page_id=36#breadcrumb\",\"itemListElement\":[{\"@type\":\"ListItem\",\"position\":1,\"name\":\"Accueil\",\"item\":\"https:\\\/\\\/alacepptitbleuptitjaune.org\\\/\"},{\"@type\":\"ListItem\",\"position\":2,\"name\":\"Qui sommes nous ?\"}]},{\"@type\":\"WebSite\",\"@id\":\"https:\\\/\\\/alacepptitbleuptitjaune.org\\\/#website\",\"url\":\"https:\\\/\\\/alacepptitbleuptitjaune.org\\\/\",\"name\":\"P'tit Bleu P'tit Jaune\",\"description\":\"lieu accueil parents aenfants\",\"publisher\":{\"@id\":\"https:\\\/\\\/alacepptitbleuptitjaune.org\\\/#organization\"},\"alternateName\":\"ALACEP\",\"potentialAction\":[{\"@type\":\"SearchAction\",\"target\":{\"@type\":\"EntryPoint\",\"urlTemplate\":\"https:\\\/\\\/alacepptitbleuptitjaune.org\\\/?s={search_term_string}\"},\"query-input\":{\"@type\":\"PropertyValueSpecification\",\"valueRequired\":true,\"valueName\":\"search_term_string\"}}],\"inLanguage\":\"fr-FR\"},{\"@type\":\"Organization\",\"@id\":\"https:\\\/\\\/alacepptitbleuptitjaune.org\\\/#organization\",\"name\":\"P'tit Bleu P'tit Jaune - ALACEP\",\"alternateName\":\"ALACEP\",\"url\":\"https:\\\/\\\/alacepptitbleuptitjaune.org\\\/\",\"logo\":{\"@type\":\"ImageObject\",\"inLanguage\":\"fr-FR\",\"@id\":\"https:\\\/\\\/alacepptitbleuptitjaune.org\\\/#\\\/schema\\\/logo\\\/image\\\/\",\"url\":\"https:\\\/\\\/alacepptitbleuptitjaune.org\\\/wp-content\\\/uploads\\\/2024\\\/12\\\/logo-alacep-0012018.jpg\",\"contentUrl\":\"https:\\\/\\\/alacepptitbleuptitjaune.org\\\/wp-content\\\/uploads\\\/2024\\\/12\\\/logo-alacep-0012018.jpg\",\"width\":245,\"height\":146,\"caption\":\"P'tit Bleu P'tit Jaune - ALACEP\"},\"image\":{\"@id\":\"https:\\\/\\\/alacepptitbleuptitjaune.org\\\/#\\\/schema\\\/logo\\\/image\\\/\"},\"sameAs\":[\"https:\\\/\\\/www.facebook.com\\\/ptitbleuptitjaune\"]}]}<\/script>\n<!-- \/ Yoast SEO plugin. -->","yoast_head_json":{"title":"Qui sommes nous ? - P&#039;tit Bleu P&#039;tit Jaune","robots":{"index":"index","follow":"follow","max-snippet":"max-snippet:-1","max-image-preview":"max-image-preview:large","max-video-preview":"max-video-preview:-1"},"canonical":"https:\/\/alacepptitbleuptitjaune.org\/?page_id=36","og_locale":"fr_FR","og_type":"article","og_title":"Qui sommes nous ? - P&#039;tit Bleu P&#039;tit Jaune","og_description":"ALACEP ( Association pour un Lieu d&rsquo;Accueil \u00e0 Chen\u00f4ve Enfants -Parents) g\u00e8re depuis octobre 1998 , un lieu d&rsquo;accueil Enfants [&hellip;]","og_url":"https:\/\/alacepptitbleuptitjaune.org\/?page_id=36","og_site_name":"P&#039;tit Bleu P&#039;tit Jaune","article_publisher":"https:\/\/www.facebook.com\/ptitbleuptitjaune","article_modified_time":"2024-12-07T15:32:01+00:00","og_image":[{"url":"https:\/\/alacepptitbleuptitjaune.org\/wp-content\/uploads\/2024\/12\/Screenshot-from-2024-12-07-15-05-01.png","type":"","width":"","height":""}],"twitter_card":"summary_large_image","twitter_misc":{"Dur\u00e9e de lecture estim\u00e9e":"2 minutes"},"schema":{"@context":"https:\/\/schema.org","@graph":[{"@type":"WebPage","@id":"https:\/\/alacepptitbleuptitjaune.org\/?page_id=36","url":"https:\/\/alacepptitbleuptitjaune.org\/?page_id=36","name":"Qui sommes nous ? - P&#039;tit Bleu P&#039;tit Jaune","isPartOf":{"@id":"https:\/\/alacepptitbleuptitjaune.org\/#website"},"primaryImageOfPage":{"@id":"https:\/\/alacepptitbleuptitjaune.org\/?page_id=36#primaryimage"},"image":{"@id":"https:\/\/alacepptitbleuptitjaune.org\/?page_id=36#primaryimage"},"thumbnailUrl":"https:\/\/alacepptitbleuptitjaune.org\/wp-content\/uploads\/2024\/12\/Screenshot-from-2024-12-07-15-05-01.png","datePublished":"2024-12-06T09:27:26+00:00","dateModified":"2024-12-07T15:32:01+00:00","breadcrumb":{"@id":"https:\/\/alacepptitbleuptitjaune.org\/?page_id=36#breadcrumb"},"inLanguage":"fr-FR","potentialAction":[{"@type":"ReadAction","target":["https:\/\/alacepptitbleuptitjaune.org\/?page_id=36"]}]},{"@type":"ImageObject","inLanguage":"fr-FR","@id":"https:\/\/alacepptitbleuptitjaune.org\/?page_id=36#primaryimage","url":"https:\/\/alacepptitbleuptitjaune.org\/wp-content\/uploads\/2024\/12\/Screenshot-from-2024-12-07-15-05-01.png","contentUrl":"https:\/\/alacepptitbleuptitjaune.org\/wp-content\/uploads\/2024\/12\/Screenshot-from-2024-12-07-15-05-01.png","width":768,"height":667},{"@type":"BreadcrumbList","@id":"https:\/\/alacepptitbleuptitjaune.org\/?page_id=36#breadcrumb","itemListElement":[{"@type":"ListItem","position":1,"name":"Accueil","item":"https:\/\/alacepptitbleuptitjaune.org\/"},{"@type":"ListItem","position":2,"name":"Qui sommes nous ?"}]},{"@type":"WebSite","@id":"https:\/\/alacepptitbleuptitjaune.org\/#website","url":"https:\/\/alacepptitbleuptitjaune.org\/","name":"P'tit Bleu P'tit Jaune","description":"lieu accueil parents aenfants","publisher":{"@id":"https:\/\/alacepptitbleuptitjaune.org\/#organization"},"alternateName":"ALACEP","potentialAction":[{"@type":"SearchAction","target":{"@type":"EntryPoint","urlTemplate":"https:\/\/alacepptitbleuptitjaune.org\/?s={search_term_string}"},"query-input":{"@type":"PropertyValueSpecification","valueRequired":true,"valueName":"search_term_string"}}],"inLanguage":"fr-FR"},{"@type":"Organization","@id":"https:\/\/alacepptitbleuptitjaune.org\/#organization","name":"P'tit Bleu P'tit Jaune - ALACEP","alternateName":"ALACEP","url":"https:\/\/alacepptitbleuptitjaune.org\/","logo":{"@type":"ImageObject","inLanguage":"fr-FR","@id":"https:\/\/alacepptitbleuptitjaune.org\/#\/schema\/logo\/image\/","url":"https:\/\/alacepptitbleuptitjaune.org\/wp-content\/uploads\/2024\/12\/logo-alacep-0012018.jpg","contentUrl":"https:\/\/alacepptitbleuptitjaune.org\/wp-content\/uploads\/2024\/12\/logo-alacep-0012018.jpg","width":245,"height":146,"caption":"P'tit Bleu P'tit Jaune - ALACEP"},"image":{"@id":"https:\/\/alacepptitbleuptitjaune.org\/#\/schema\/logo\/image\/"},"sameAs":["https:\/\/www.facebook.com\/ptitbleuptitjaune"]}]}},"uagb_featured_image_src":{"full":false,"thumbnail":false,"medium":false,"medium_large":false,"large":false,"1536x1536":false,"2048x2048":false},"uagb_author_info":{"display_name":"Nina SELLAL","author_link":"https:\/\/alacepptitbleuptitjaune.org\/?author=2"},"uagb_comment_info":0,"uagb_excerpt":"ALACEP ( Association pour un Lieu d&rsquo;Accueil \u00e0 Chen\u00f4ve Enfants -Parents) g\u00e8re depuis octobre 1998 , un lieu d&rsquo;accueil Enfants [&hellip;]","_links":{"self":[{"href":"https:\/\/alacepptitbleuptitjaune.org\/index.php?rest_route=\/wp\/v2\/pages\/36","targetHints":{"allow":["GET"]}}],"collection":[{"href":"https:\/\/alacepptitbleuptitjaune.org\/index.php?rest_route=\/wp\/v2\/pages"}],"about":[{"href":"https:\/\/alacepptitbleuptitjaune.org\/index.php?rest_route=\/wp\/v2\/types\/page"}],"author":[{"embeddable":true,"href":"https:\/\/alacepptitbleuptitjaune.org\/index.php?rest_route=\/wp\/v2\/users\/2"}],"replies":[{"embeddable":true,"href":"https:\/\/alacepptitbleuptitjaune.org\/index.php?rest_route=%2Fwp%2Fv2%2Fcomments&post=36"}],"version-history":[{"count":6,"href":"https:\/\/alacepptitbleuptitjaune.org\/index.php?rest_route=\/wp\/v2\/pages\/36\/revisions"}],"predecessor-version":[{"id":226,"href":"https:\/\/alacepptitbleuptitjaune.org\/index.php?rest_route=\/wp\/v2\/pages\/36\/revisions\/226"}],"wp:attachment":[{"href":"https:\/\/alacepptitbleuptitjaune.org\/index.php?rest_route=%2Fwp%2Fv2%2Fmedia&parent=36"}],"curies":[{"name":"wp","href":"https:\/\/api.w.org\/{rel}","templated":true}]}}